y 56.
8
What is the remainder when 4773 is divided by 199?
196
Calculate the remainder when 124 is divided by 13.
7
What is the remainder when 2684 is divided by 158?
156
Calculate the remainder when 17688 is divided by 133.
132
Calculate the remainder when 142 is divided by 92.
50
Calculate the remainder when 5412 is divided by 63.
57
What is the remainder when 1184 is divided by 356?
116
Calculate the remainder when 462 is divided by 451.
11
What is the remainder when 64 is divided by 14?
8
What is the remainder when 577 is divided by 21?
10
Calculate the remainder when 9063 is divided by 103.
102
Calculate the remainder when 965 is divided by 42.
41
What is the remainder when 442 is divided by 89?
86
What is the remainder when 310 is divided by 88?
46
Calculate the remainder when 193 is divided by 41.
29
Calculate the remainder when 8357 is divided by 74.
69
Calculate the remainder when 7842 is divided by 106.
104
What is the remainder when 35938 is divided by 60?
58
Calculate the remainder when 1435 is divided by 147.
112
What is the remainder when 2481 is divided by 18?
15
Calculate the remainder when 1547 is divided by 74.
67
What is the remainder when 42 is divided by 9?
6
What is the remainder when 42825 is divided by 133?
132
What is the remainder when 1007 is divided by 28?
27
What is the remainder when 50 is divided by 5?
0
What is the remainder when 32 is divided by 19?
13
What is the remainder when 29 is divided by 6?
5
Calculate the remainder when 328 is divided by 85.
73
What is the remainder when 32651 is divided by 35?
31
Calculate the remainder when 492 is divided by 71.
66
What is the remainder when 227 is divided by 21?
17
Calculate the remainder when 242 is divided by 42.
32
Calculate the remainder when 691 is divided by 231.
229
Calculate the remainder when 3085 is divided by 180.
25
What is the remainder when 1670 is divided by 332?
10
Calculate the remainder when 1544 is divided by 17.
14
Calculate the remainder when 368 is divided by 12.
8
What is the remainder when 305 is divided by 77?
74
What is the remainder when 2625 is divided by 28?
21
What is the remainder when 1346 is divided by 341?
323
What is the remainder when 177 is divided by 45?
42
What is the remainder when 147 is divided by 90?
57
What is the remainder when 428 is divided by 16?
12
What is the remainder when 4779 is divided by 84?
75
What is the remainder when 17632 is divided by 2518?
6
What is the remainder when 1352 is divided by 68?
60
What is the remainder when 15718 is divided by 199?
196
What is the remainder when 1342 is divided by 169?
159
What is the remainder when 79 is divided by 5?
4
What is the remainder when 30 is divided by 19?
11
Calculate the remainder when 337 is divided by 38.
33
Calculate the remainder when 299 is divided by 62.
51
What is the remainder when 921 is divided by 33?
30
What is the remainder when 10358 is divided by 40?
38
Calculate the remainder when 175 is divided by 12.
7
What is the remainder when 69 is divided by 7?
6
What is the remainder when 110 is divided by 19?
15
Calculate the remainder when 695 is divided by 226.
17
What is the remainder when 388 is divided by 56?
52
Calculate the remainder when 41 is divided by 16.
9
Calculate the remainder when 10357 is divided by 70.
67
Calculate the remainder when 383 is divided by 64.
63
Calculate the remainder when 921 is divided by 22.
19
What is the remainder when 14325 is divided by 247?
246
What is the remainder when 432 is divided by 104?
16
Calculate the remainder when 860 is divided by 269.
53
Calculate the remainder when 3189 is divided by 58.
57
What is the remainder when 255 is divided by 38?
27
Calculate the remainder when 1934 is divided by 338.
244
Calculate the remainder when 633 is divided by 18.
3
Calculate the remainder when 43 is divided by 11.
10
Calculate the remainder when 351 is divided by 273.
78
Calculate the remainder when 1882 is divided by 13.
10
Calculate the remainder when 211 is divided by 55.
46
What is the remainder when 2267 is divided by 63?
62
What is the remainder when 267 is divided by 75?
42
Calculate the remainder when 735 is divided by 82.
79
Calculate the remainder when 414 is divided by 30.
24
What is the remainder when 1651 is divided by 21?
13
Calculate the remainder when 23621 is divided by 225.
221
Calculate the remainder when 1335 is divided by 166.
7
What is the remainder when 1323 is divided by 331?
330
Calculate the remainder when 67 is divided by 36.
31
What is the remainder when 479 is divided by 30?
29
What is the remainder when 363 is divided by 31?
22
Calculate the remainder when 5417 is divided by 35.
27
Calculate the remainder when 282 is divided by 78.
48
What is the remainder when 245 is divided by 13?
11
Calculate the remainder when 147 is divided by 17.
11
What is the remainder when 527 is divided by 47?
10
What is the remainder when 18 is divided by 2?
0
What is the remainder when 289 is divided by 76?
61
What is the remainder when 51 is divided by 6?
3
What is the remainder when 382 is divided by 100?
82
What is the remainder when 73 is divided by 66?
7
Calculate the remainder when 413 is divided by 37.
6
What is the remainder when 88 is divided by 46?
42
What is the remainder when 363 is divided by 16?
11
What is the remainder when 226 is divided by 58?
52
What is the remainder when 587 is divided by 62?
29
Calculate the remainder when 639 is divided by 212.
3
Calculate the remainder when 1374 is divided by 41.
21
What is the remainder when 709 is divided by 31?
27
Calculate the remainder when 144 is divided by 18.
0
What is the remainder when 803 is divided by 177?
95
Calculate the remainder when 389 is divided by 57.
47
Calculate the remainder when 115 is divided by 35.
10
Calculate the remainder when 39 is divided by 8.
7
What is the remainder when 673 is divided by 319?
35
What is the remainder when 3601 is divided by 180?
1
Calculate the remainder when 267 is divided by 113.
41
Calculate the remainder when 133 is divided by 43.
4
What is the remainder when 343 is divided by 28?
7
Calculate the remainder when 3 is divided by 1.
0
What is the remainder when 141 is divided by 133?
8
What is the remainder when 863 is divided by 8?
7
Calculate the remainder when 5513 is divided by 138.
131
What is the remainder when 4440 is divided by 55?
40
What is the remainder when 52 is divided by 12?
4
What is the remainder when 1558 is divided by 7?
4
What is the remainder when 1847 is divided by 53?
45
Calculate the remainder when 2913 is divided by 31.
30
What is the remainder when 4947 is divided by 11?
8
What is the remainder when 161 is divided by 3?
2
What is the remainder when 643 is divided by 261?
121
Calculate the remainder when 6153 is divided by 101.
93
Calculate the remainder when 79 is divided by 10.
9
What is the remainder when 4475 is divided by 56?
51
Calculate the remainder when 3650 is divided by 126.
122
What is the remainder when 351 is divided by 22?
21
What is the remainder when 47 is divided by 18?
11
What is the remainder when 4964 is divided by 138?
134
Calculate the remainder when 7638 is divided by 10.
8
What is the remainder when 237 is divided by 83?
71
What is the remainder when 47 is divided by 12?
11
Calculate the remainder when 286 is divided by 30.
16
What is the remainder when 361 is divided by 28?
25
What is the remainder when 468 is divided by 431?
37
Calculate the remainder when 212 is divided by 189.
23
Calculate the remainder when 309 is divided by 36.
21
What is the remainder when 162 is divided by 136?
26
What is the remainder when 797 is divided by 25?
22
What is the remainder when 142 is divided by 9?
7
What is the remainder when 4870 is divided by 65?
60
What is the remainder when 214 is divided by 98?
18
Calculate the remainder when 134 is divided by 72.
62
What is the remainder when 250 is divided by 67?
49
Calculate the remainder when 103 is divided by 55.
48
Calculate the remainder when 511 is divided by 85.
1
What is the remainder when 324 is divided by 27?
0
What is the remainder when 689 is divided by 20?
9
Calculate the remainder when 86 is divided by 3.
2
What is the remainder when 167 is divided by 16?
7
Calculate the remainder when 2134 is divided by 178